9 is divided by 73?
60
Calculate the remainder when 213 is divided by 31.
27
Calculate the remainder when 1616 is divided by 2.
0
What is the remainder when 908 is divided by 32?
12
What is the remainder when 19854 is divided by 55?
54
What is the remainder when 2051 is divided by 108?
107
Calculate the remainder when 4953 is divided by 309.
9
What is the remainder when 676 is divided by 212?
40
Calculate the remainder when 227 is divided by 114.
113
Calculate the remainder when 185 is divided by 16.
9
Calculate the remainder when 1607 is divided by 477.
176
Calculate the remainder when 74 is divided by 16.
10
What is the remainder when 584 is divided by 196?
192
Calculate the remainder when 810 is divided by 383.
44
Calculate the remainder when 290 is divided by 9.
2
What is the remainder when 2906 is divided by 17?
16
Calculate the remainder when 195 is divided by 28.
27
What is the remainder when 3647 is divided by 89?
87
What is the remainder when 106 is divided by 13?
2
Calculate the remainder when 473 is divided by 32.
25
Calculate the remainder when 67 is divided by 25.
17
What is the remainder when 880 is divided by 42?
40
Calculate the remainder when 644 is divided by 194.
62
What is the remainder when 675 is divided by 177?
144
Calculate the remainder when 1531 is divided by 73.
71
What is the remainder when 195 is divided by 67?
61
Calculate the remainder when 787 is divided by 742.
45
What is the remainder when 549 is divided by 156?
81
What is the remainder when 2382 is divided by 182?
16
Calculate the remainder when 62 is divided by 5.
2
What is the remainder when 128 is divided by 31?
4
What is the remainder when 145 is divided by 4?
1
Calculate the remainder when 71 is divided by 14.
1
What is the remainder when 682 is divided by 19?
17
Calculate the remainder when 5362 is divided by 29.
26
Calculate the remainder when 559 is divided by 64.
47
What is the remainder when 232 is divided by 34?
28
What is the remainder when 248 is divided by 66?
50
Calculate the remainder when 934 is divided by 8.
6
Calculate the remainder when 35 is divided by 8.
3
What is the remainder when 214 is divided by 54?
52
What is the remainder when 6324 is divided by 28?
24
Calculate the remainder when 57 is divided by 15.
12
Calculate the remainder when 427 is divided by 311.
116
Calculate the remainder when 189 is divided by 25.
14
What is the remainder when 96 is divided by 18?
6
What is the remainder when 685 is divided by 77?
69
Calculate the remainder when 301 is divided by 80.
61
Calculate the remainder when 1202 is divided by 18.
14
What is the remainder when 356 is divided by 18?
14
Calculate the remainder when 97 is divided by 59.
38
Calculate the remainder when 45400 is divided by 141.
139
Calculate the remainder when 34495 is divided by 367.
364
Calculate the remainder when 805 is divided by 81.
76
What is the remainder when 600 is divided by 268?
64
Calculate the remainder when 422 is divided by 62.
50
What is the remainder when 48 is divided by 2?
0
Calculate the remainder when 17257 is divided by 18.
13
What is the remainder when 259 is divided by 252?
7
Calculate the remainder when 217 is divided by 10.
7
What is the remainder when 2718 is divided by 85?
83
What is the remainder when 2630 is divided by 334?
292
What is the remainder when 178 is divided by 9?
7
What is the remainder when 3442 is divided by 41?
39
What is the remainder when 164 is divided by 15?
14
What is the remainder when 1550 is divided by 310?
0
What is the remainder when 376 is divided by 29?
28
What is the remainder when 250 is divided by 81?
7
Calculate the remainder when 162 is divided by 42.
36
What is the remainder when 2519 is divided by 29?
25
Calculate the remainder when 27757 is divided by 80.
77
What is the remainder when 92 is divided by 32?
28
Calculate the remainder when 654 is divided by 53.
18
What is the remainder when 642 is divided by 266?
110
Calculate the remainder when 435 is divided by 34.
27
Calculate the remainder when 751 is divided by 244.
19
Calculate the remainder when 1434 is divided by 96.
90
What is the remainder when 792 is divided by 394?
4
Calculate the remainder when 321 is divided by 81.
78
What is the remainder when 55 is divided by 9?
1
What is the remainder when 475 is divided by 106?
51
What is the remainder when 2619 is divided by 64?
59
Calculate the remainder when 174 is divided by 16.
14
What is the remainder when 182 is divided by 47?
41
Calculate the remainder when 206 is divided by 94.
18
What is the remainder when 171 is divided by 54?
9
Calculate the remainder when 512 is divided by 15.
2
Calculate the remainder when 237 is divided by 27.
21
Calculate the remainder when 714 is divided by 209.
87
What is the remainder when 2331 is divided by 57?
51
What is the remainder when 370 is divided by 131?
108
What is the remainder when 70 is divided by 21?
7
Calculate the remainder when 569 is divided by 23.
17
Calculate the remainder when 257 is divided by 29.
25
What is the remainder when 1999 is divided by 398?
9
What is the remainder when 221 is divided by 111?
110
What is the remainder when 567 is divided by 50?
17
Calculate the remainder when 5511 is divided by 26.
25
Calculate the remainder when 863 is divided by 72.
71
Calculate the remainder when 2122 is divided by 9.
7
Calculate the remainder when 353 is divided by 24.
17
Calculate the remainder when 2181 is divided by 274.
263
What is the remainder when 239 is divided by 44?
19
Calculate the remainder when 643 is divided by 28.
27
What is the remainder when 43 is divided by 30?
13
What is the remainder when 139 is divided by 50?
39
Calculate the remainder when 510 is divided by 74.
66
Calculate the remainder when 2291 is divided by 37.
34
Calculate the remainder when 168 is divided by 18.
6
What is the remainder when 1779 is divided by 137?
135
Calculate the remainder when 2745 is divided by 119.
8
What is the remainder when 376 is divided by 175?
26
Calculate the remainder when 506 is divided by 153.
47
What is the remainder when 517 is divided by 90?
67
Calculate the remainder when 562 is divided by 182.
16
Calculate the remainder when 37 is divided by 31.
6
What is the remainder when 278 is divided by 71?
65
Calculate the remainder when 302 is divided by 204.
98
Calculate the remainder when 100 is divided by 21.
16
Calculate the remainder when 1079 is divided by 15.
14
Calculate the remainder when 148 is divided by 46.
10
Calculate the remainder when 306 is divided by 14.
12
Calculate the remainder when 337 is divided by 112.
1
Calculate the remainder when 2935 is divided by 21.
16
What is the remainder when 802 is divided by 164?
146
What is the remainder when 4627 is divided by 9?
1
What is the remainder when 1094 is divided by 538?
18
Calculate the remainder when 1958 is divided by 37.
34
Calculate the remainder when 3691 is divided by 42.
37
Calculate the remainder when 162 is divided by 24.
18
Calculate the remainder when 902 is divided by 98.
20
What is the remainder when 1739 is divided by 26?
23
What is the remainder when 102 is divided by 29?
15
Calculate the remainder when 1037 is divided by 104.
101
What is the remainder when 660 is divided by 110?
0
What is the remainder when 395 is divided by 157?
81
Calculate the remainder when 540 is divided by 53.
10
Calculate the remainder when 128 is divided by 28.
16
Calculate the remainder when 454 is divided by 146.
16
What is the remainder when 687 is divided by 220?
27
Calculate the remainder when 206 is divided by 56.
38
Calculate the remainder when 586 is divided by 22.
14
Calculate the remainder when 4757 is divided by 13.
12
What is the remainder when 87 is divided by 13?
9
Calculate the remainder when 163 is divided by 11.
9
What is the remainder when 62 is divided by 28?
6
Calculate the remainder when 156 is divided by 32.
28
Calculate the remainder when 5789 is divided by 16.
13
What is the remainder when 178 is divided by 9?
7
Calculate the remainder when 6622 is divided by 3310.
2
Calculate the remainder when 7987 is divided by 17.
14
What is the remainder when 121 is divided by 63?
58
What is the remainder when 14 is divided by 14?
0
Calculate the remainder when 1100 is divided by 44.
0
Calcu